{"id":2652,"date":"2021-06-04T21:41:07","date_gmt":"2021-06-04T21:41:07","guid":{"rendered":"https:\/\/romanhermanos.com.ec\/?post_type=product&#038;p=2652"},"modified":"2021-06-04T21:41:08","modified_gmt":"2021-06-04T21:41:08","slug":"plastico-color-amarillo","status":"publish","type":"product","link":"https:\/\/romanhermanos.com.ec\/?product=plastico-color-amarillo","title":{"rendered":"PL\u00c1STICO COLOR AMARILLO"},"content":{"rendered":"<table width=\"434\">\n<tbody>\n<tr>\n<td width=\"80\">6018<\/td>\n<td width=\"354\">PL\u00c1STICO COLOR AMARILLO 1.5M.(KG=2.2MT)<\/td>\n<\/tr>\n<tr>\n<td>5848<\/td>\n<td>PL\u00c1STICO COLOR AZUL 1.5 M.(KG=2.2MT)<\/td>\n<\/tr>\n<tr>\n<td>721<\/td>\n<td>PL\u00c1STICO COLOR BLANCO 1.5 M.(KG=2.2MT)<\/td>\n<\/tr>\n<tr>\n<td>6020<\/td>\n<td>PL\u00c1STICO COLOR ROJO 1.5M (KG=2.2MT)<\/td>\n<\/tr>\n<tr>\n<td>5849<\/td>\n<td>PL\u00c1STICO COLOR VERDE 1.5 M.(KG=2.2MT)<\/td>\n<\/tr>\n<\/tbody>\n<\/table>\n","protected":false},"excerpt":{"rendered":"<p>6018 PL\u00c1STICO COLOR AMARILLO 1.5M.(KG=2.2MT) 5848 PL\u00c1STICO COLOR AZUL 1.5 M.(KG=2.2MT) 721 PL\u00c1STICO COLOR BLANCO 1.5 M.(KG=2.2MT) 6020 PL\u00c1STICO COLOR ROJO 1.5M (KG=2.2MT) 5849 PL\u00c1STICO COLOR VERDE 1.5 M.(KG=2.2MT)<\/p>\n","protected":false},"featured_media":2653,"comment_status":"open","ping_status":"closed","template":"","meta":{"_joinchat":[]},"product_cat":[142],"product_tag":[173,99],"class_list":{"0":"post-2652","1":"product","2":"type-product","3":"status-publish","4":"has-post-thumbnail","6":"product_cat-cabos-plasticos-y-mallas","7":"product_tag-proteccion","8":"product_tag-seguridad","10":"first","11":"instock","12":"shipping-taxable","13":"product-type-simple"},"_links":{"self":[{"href":"https:\/\/romanhermanos.com.ec\/index.php?rest_route=\/wp\/v2\/product\/2652","targetHints":{"allow":["GET"]}}],"collection":[{"href":"https:\/\/romanhermanos.com.ec\/index.php?rest_route=\/wp\/v2\/product"}],"about":[{"href":"https:\/\/romanhermanos.com.ec\/index.php?rest_route=\/wp\/v2\/types\/product"}],"replies":[{"embeddable":true,"href":"https:\/\/romanhermanos.com.ec\/index.php?rest_route=%2Fwp%2Fv2%2Fcomments&post=2652"}],"wp:featuredmedia":[{"embeddable":true,"href":"https:\/\/romanhermanos.com.ec\/index.php?rest_route=\/wp\/v2\/media\/2653"}],"wp:attachment":[{"href":"https:\/\/romanhermanos.com.ec\/index.php?rest_route=%2Fwp%2Fv2%2Fmedia&parent=2652"}],"wp:term":[{"taxonomy":"product_cat","embeddable":true,"href":"https:\/\/romanhermanos.com.ec\/index.php?rest_route=%2Fwp%2Fv2%2Fproduct_cat&post=2652"},{"taxonomy":"product_tag","embeddable":true,"href":"https:\/\/romanhermanos.com.ec\/index.php?rest_route=%2Fwp%2Fv2%2Fproduct_tag&post=2652"}],"curies":[{"name":"wp","href":"https:\/\/api.w.org\/{rel}","templated":true}]}}