{"id":1101,"date":"2021-05-26T16:22:06","date_gmt":"2021-05-26T16:22:06","guid":{"rendered":"https:\/\/romanhermanos.com.ec\/?post_type=product&#038;p=1101"},"modified":"2022-01-04T18:14:33","modified_gmt":"2022-01-04T23:14:33","slug":"pintura-anticorrosiva-brillante-unidas","status":"publish","type":"product","link":"https:\/\/romanhermanos.com.ec\/?product=pintura-anticorrosiva-brillante-unidas","title":{"rendered":"UNIDAS PINTURA ANTICORROSIVA BRILLANTE"},"content":{"rendered":"<h1><strong>C\u00d3DIGO\u00a0 \u00a0 \u00a0 \u00a0 \u00a0 \u00a0 PRODUCTOS SIMILARES\u00a0<\/strong><\/h1>\n<table style=\"height: 702px;\" width=\"1248\">\n<tbody>\n<tr>\n<td width=\"40\"><span style=\"vertical-align: inherit;\"><span style=\"vertical-align: inherit;\">1749<\/span><\/span><\/td>\n<td width=\"319\"><span style=\"vertical-align: inherit;\"><span style=\"vertical-align: inherit;\">UNI ANTIC.BRILL.600-NEGRO 1000 CC. <\/span><span style=\"vertical-align: inherit;\">(TIPO A)<\/span><\/span><\/td>\n<\/tr>\n<tr>\n<td><span style=\"vertical-align: inherit;\"><span style=\"vertical-align: inherit;\">1747<\/span><\/span><\/td>\n<td><span style=\"vertical-align: inherit;\"><span style=\"vertical-align: inherit;\">UNI ANTIC.BRILL.600-NEGRO 4000 CC. <\/span><span style=\"vertical-align: inherit;\">(TIPO A)<\/span><\/span><\/td>\n<\/tr>\n<tr>\n<td><span style=\"vertical-align: inherit;\"><span style=\"vertical-align: inherit;\">2979<\/span><\/span><\/td>\n<td><span style=\"vertical-align: inherit;\"><span style=\"vertical-align: inherit;\">UNI ANTIC.BRILL.601-OXIDO R.1000 CC.<\/span><\/span><\/td>\n<\/tr>\n<tr>\n<td><span style=\"vertical-align: inherit;\"><span style=\"vertical-align: inherit;\">2980<\/span><\/span><\/td>\n<td><span style=\"vertical-align: inherit;\"><span style=\"vertical-align: inherit;\">UNI ANTIC.BRILL.601-OXIDO R.4000 CC.<\/span><\/span><\/td>\n<\/tr>\n<tr>\n<td><span style=\"vertical-align: inherit;\"><span style=\"vertical-align: inherit;\">2931<\/span><\/span><\/td>\n<td><span style=\"vertical-align: inherit;\"><span style=\"vertical-align: inherit;\">UNI ANTIC.BRILL.604-VERDE 1000 CC.<\/span><\/span><\/td>\n<\/tr>\n<tr>\n<td><span style=\"vertical-align: inherit;\"><span style=\"vertical-align: inherit;\">2953<\/span><\/span><\/td>\n<td><span style=\"vertical-align: inherit;\"><span style=\"vertical-align: inherit;\">UNI ANTIC.BRILL.604-VERDE 4000 CC.<\/span><\/span><\/td>\n<\/tr>\n<tr>\n<td><span style=\"vertical-align: inherit;\"><span style=\"vertical-align: inherit;\">1750<\/span><\/span><\/td>\n<td><span style=\"vertical-align: inherit;\"><span style=\"vertical-align: inherit;\">UNI ANTIC.BRILL.605-GRIS 1000 CC.<\/span><\/span><\/td>\n<\/tr>\n<tr>\n<td><span style=\"vertical-align: inherit;\"><span style=\"vertical-align: inherit;\">1748<\/span><\/span><\/td>\n<td><span style=\"vertical-align: inherit;\"><span style=\"vertical-align: inherit;\">UNI ANTIC.BRILL.605-GRIS 4000 CC.<\/span><\/span><\/td>\n<\/tr>\n<tr>\n<td><span style=\"vertical-align: inherit;\"><span style=\"vertical-align: inherit;\">2383<\/span><\/span><\/td>\n<td><span style=\"vertical-align: inherit;\"><span style=\"vertical-align: inherit;\">UNI ANTIC.BRILL.606-CATERP. <\/span><span style=\"vertical-align: inherit;\">1000 CC.<\/span><\/span><\/td>\n<\/tr>\n<tr>\n<td><span style=\"vertical-align: inherit;\"><span style=\"vertical-align: inherit;\">1473<\/span><\/span><\/td>\n<td><span style=\"vertical-align: inherit;\"><span style=\"vertical-align: inherit;\">UNI ANTIC.BRILL.606-CATERP. <\/span><span style=\"vertical-align: inherit;\">4000 CC.<\/span><\/span><\/td>\n<\/tr>\n<tr>\n<td><span style=\"vertical-align: inherit;\"><span style=\"vertical-align: inherit;\">7148<\/span><\/span><\/td>\n<td><span style=\"vertical-align: inherit;\"><span style=\"vertical-align: inherit;\">UNI ANTIC.BRILL.615-BLANCO. <\/span><span style=\"vertical-align: inherit;\">1000 CC. <\/span><span style=\"vertical-align: inherit;\">(TIPO A)<\/span><\/span><\/td>\n<\/tr>\n<tr>\n<td><span style=\"vertical-align: inherit;\"><span style=\"vertical-align: inherit;\">7147<\/span><\/span><\/td>\n<td><span style=\"vertical-align: inherit;\"><span style=\"vertical-align: inherit;\">UNI ANTIC.BRILL.615-BLANCO. <\/span><span style=\"vertical-align: inherit;\">4000 CC. <\/span><span style=\"vertical-align: inherit;\">(TIPO A)<\/span><\/span><\/td>\n<\/tr>\n<tr>\n<td><span style=\"vertical-align: inherit;\"><span style=\"vertical-align: inherit;\">2384<\/span><\/span><\/td>\n<td><span style=\"vertical-align: inherit;\"><span style=\"vertical-align: inherit;\">UNI ANTIC.CROM 1010-OXIDO R 4000 CC<\/span><\/span><\/td>\n<\/tr>\n<tr>\n<td><span style=\"vertical-align: inherit;\"><span style=\"vertical-align: inherit;\">1475<\/span><\/span><\/td>\n<td><span style=\"vertical-align: inherit;\"><span style=\"vertical-align: inherit;\">UNI ANTIC.CROM 1015-NEGRO 1000 CC. <\/span><span style=\"vertical-align: inherit;\">(TIPO A)<\/span><\/span><\/td>\n<\/tr>\n<tr>\n<td><span style=\"vertical-align: inherit;\"><span style=\"vertical-align: inherit;\">1279<\/span><\/span><\/td>\n<td><span style=\"vertical-align: inherit;\"><span style=\"vertical-align: inherit;\">UNI ANTIC.CROM 1015-NEGRO 4000 CC. <\/span><span style=\"vertical-align: inherit;\">(TIPO A)<\/span><\/span><\/td>\n<\/tr>\n<tr>\n<td><span style=\"vertical-align: inherit;\"><span style=\"vertical-align: inherit;\">1298<\/span><\/span><\/td>\n<td><span style=\"vertical-align: inherit;\"><span style=\"vertical-align: inherit;\">UNI ANTIC.CROM 1020-GRIS 1000 CC<\/span><\/span><\/td>\n<\/tr>\n<tr>\n<td><span style=\"vertical-align: inherit;\"><span style=\"vertical-align: inherit;\">1280<\/span><\/span><\/td>\n<td><span style=\"vertical-align: inherit;\"><span style=\"vertical-align: inherit;\">UNI ANTIC.CROM 1020-GRIS 4000 CC.<\/span><\/span><\/td>\n<\/tr>\n<tr>\n<td><span style=\"vertical-align: inherit;\"><span style=\"vertical-align: inherit;\">2913<\/span><\/span><\/td>\n<td><span style=\"vertical-align: inherit;\"><span style=\"vertical-align: inherit;\">UNI ANTIC.CROM 1025-NARANJA 1000 CC.<\/span><\/span><\/td>\n<\/tr>\n<tr>\n<td><span style=\"vertical-align: inherit;\"><span style=\"vertical-align: inherit;\">2918<\/span><\/span><\/td>\n<td><span style=\"vertical-align: inherit;\"><span style=\"vertical-align: inherit;\">UNI ANTIC.CROM 1025-NARANJA 4000 CC.<\/span><\/span><\/td>\n<\/tr>\n<\/tbody>\n<\/table>\n","protected":false},"excerpt":{"rendered":"<p><strong><span style=\"vertical-align: inherit;\">C\u00f3digo<\/span><\/strong><span style=\"vertical-align: inherit;\"> 1749<\/span><\/p>\n<h3><strong><span style=\"vertical-align: inherit;\">Descripci\u00f3n <\/span><\/strong><\/h3>\n<p>El\u00a0<em>ANTICORROSIVO UNIDAS<\/em>\u00a0 es un imprimante con veh\u00edculo Alqu\u00eddico Tipo 1 de uso interior y exterior, con pigmentos inhibidores de corrosi\u00f3n.<\/p>\n","protected":false},"featured_media":1102,"comment_status":"closed","ping_status":"closed","template":"","meta":{"_joinchat":[]},"product_cat":[176],"product_tag":[185,173],"class_list":{"0":"post-1101","1":"product","2":"type-product","3":"status-publish","4":"has-post-thumbnail","6":"product_cat-pinturas-y-pegamentos","7":"product_tag-paredes","8":"product_tag-proteccion","10":"first","11":"instock","12":"shipping-taxable","13":"product-type-simple"},"_links":{"self":[{"href":"https:\/\/romanhermanos.com.ec\/index.php?rest_route=\/wp\/v2\/product\/1101","targetHints":{"allow":["GET"]}}],"collection":[{"href":"https:\/\/romanhermanos.com.ec\/index.php?rest_route=\/wp\/v2\/product"}],"about":[{"href":"https:\/\/romanhermanos.com.ec\/index.php?rest_route=\/wp\/v2\/types\/product"}],"replies":[{"embeddable":true,"href":"https:\/\/romanhermanos.com.ec\/index.php?rest_route=%2Fwp%2Fv2%2Fcomments&post=1101"}],"wp:featuredmedia":[{"embeddable":true,"href":"https:\/\/romanhermanos.com.ec\/index.php?rest_route=\/wp\/v2\/media\/1102"}],"wp:attachment":[{"href":"https:\/\/romanhermanos.com.ec\/index.php?rest_route=%2Fwp%2Fv2%2Fmedia&parent=1101"}],"wp:term":[{"taxonomy":"product_cat","embeddable":true,"href":"https:\/\/romanhermanos.com.ec\/index.php?rest_route=%2Fwp%2Fv2%2Fproduct_cat&post=1101"},{"taxonomy":"product_tag","embeddable":true,"href":"https:\/\/romanhermanos.com.ec\/index.php?rest_route=%2Fwp%2Fv2%2Fproduct_tag&post=1101"}],"curies":[{"name":"wp","href":"https:\/\/api.w.org\/{rel}","templated":true}]}}